{"id":1999,"date":"2022-11-24T19:42:40","date_gmt":"2022-11-24T18:42:40","guid":{"rendered":"http:\/\/beta.bilaportrety.eu\/?post_type=product&#038;p=1999"},"modified":"2023-11-23T20:30:40","modified_gmt":"2023-11-23T19:30:40","slug":"vesta-do-revnic","status":"publish","type":"product","link":"https:\/\/bilaportrety.eu\/cs\/product\/vesta-do-revnic\/","title":{"rendered":",,Cesta do \u0158evnic&#8220; akvarel 28&#215;21 cm"},"content":{"rendered":"<p>Akvarel na pap\u00ed\u0159e<\/p>\n<p>2022<\/p>\n","protected":false},"excerpt":{"rendered":"<p>Akvarel na pap\u00ed\u0159e 2022<\/p>\n","protected":false},"featured_media":1976,"template":"","meta":{"om_disable_all_campaigns":false,"site-sidebar-layout":"default","site-content-layout":"default","ast-global-header-display":"","ast-main-header-display":"","ast-hfb-above-header-display":"","ast-hfb-below-header-display":"","ast-hfb-mobile-header-display":"","site-post-title":"","ast-breadcrumbs-content":"","ast-featured-img":"","footer-sml-layout":"","theme-transparent-header-meta":"default","adv-header-id-meta":"","stick-header-meta":"","header-above-stick-meta":"","header-main-stick-meta":"","header-below-stick-meta":""},"product_cat":[37],"product_tag":[],"class_list":["post-1999","product","type-product","status-publish","has-post-thumbnail","hentry","product_cat-akvarel","desktop-align-left","tablet-align-left","mobile-align-left"],"aioseo_notices":[],"_links":{"self":[{"href":"https:\/\/bilaportrety.eu\/cs\/wp-json\/wp\/v2\/product\/1999","targetHints":{"allow":["GET"]}}],"collection":[{"href":"https:\/\/bilaportrety.eu\/cs\/wp-json\/wp\/v2\/product"}],"about":[{"href":"https:\/\/bilaportrety.eu\/cs\/wp-json\/wp\/v2\/types\/product"}],"version-history":[{"count":3,"href":"https:\/\/bilaportrety.eu\/cs\/wp-json\/wp\/v2\/product\/1999\/revisions"}],"predecessor-version":[{"id":3230,"href":"https:\/\/bilaportrety.eu\/cs\/wp-json\/wp\/v2\/product\/1999\/revisions\/3230"}],"wp:featuredmedia":[{"embeddable":true,"href":"https:\/\/bilaportrety.eu\/cs\/wp-json\/wp\/v2\/media\/1976"}],"wp:attachment":[{"href":"https:\/\/bilaportrety.eu\/cs\/wp-json\/wp\/v2\/media?parent=1999"}],"wp:term":[{"taxonomy":"product_cat","embeddable":true,"href":"https:\/\/bilaportrety.eu\/cs\/wp-json\/wp\/v2\/product_cat?post=1999"},{"taxonomy":"product_tag","embeddable":true,"href":"https:\/\/bilaportrety.eu\/cs\/wp-json\/wp\/v2\/product_tag?post=1999"}],"curies":[{"name":"wp","href":"https:\/\/api.w.org\/{rel}","templated":true}]}}

,,Cesta do Řevnic&#8220; akvarel 28&#215;21 cm

<p>Akvarel na papíře</p>
<p>2022</p>

<p>Akvarel na papíře 2022</p>
